923?
4
What is the hundred thousands digit of 4910225?
9
What is the thousands digit of 151662?
1
What is the tens digit of 5848702?
0
What is the hundred thousands digit of 2662273?
6
What is the hundreds digit of 5818974?
9
What is the ten thousands digit of 32715?
3
What is the tens digit of 2402799?
9
What is the millions digit of 4270133?
4
What is the tens digit of 23460230?
3
What is the tens digit of 2868499?
9
What is the thousands digit of 1572168?
2
What is the tens digit of 4892330?
3
What is the hundreds digit of 893457?
4
What is the millions digit of 9159754?
9
What is the hundred thousands digit of 10546119?
5
What is the hundreds digit of 1324780?
7
What is the hundred thousands digit of 5729409?
7
What is the thousands digit of 3349601?
9
What is the units digit of 14721492?
2
What is the tens digit of 900821?
2
What is the ten thousands digit of 626184?
2
What is the hundreds digit of 300965?
9
What is the ten millions digit of 18910679?
1
What is the hundreds digit of 437786?
7
What is the thousands digit of 5329626?
9
What is the tens digit of 134632?
3
What is the ten thousands digit of 98036?
9
What is the hundred thousands digit of 4072544?
0
What is the millions digit of 13771642?
3
What is the millions digit of 9582614?
9
What is the units digit of 159383?
3
What is the units digit of 16980999?
9
What is the millions digit of 5593716?
5
What is the hundred thousands digit of 3571674?
5
What is the tens digit of 3454745?
4
What is the tens digit of 493144?
4
What is the ten thousands digit of 97139?
9
What is the hundreds digit of 3676309?
3
What is the thousands digit of 14760591?
0
What is the units digit of 3447196?
6
What is the ten thousands digit of 1713217?
1
What is the millions digit of 1172607?
1
What is the hundreds digit of 94207?
2
What is the hundreds digit of 27997346?
3
What is the tens digit of 99934?
3
What is the units digit of 95948?
8
What is the ten thousands digit of 18515302?
1
What is the hundred thousands digit of 1066124?
0
What is the ten thousands digit of 889628?
8
What is the units digit of 230653?
3
What is the hundred thousands digit of 8023992?
0
What is the ten thousands digit of 1052596?
5
What is the tens digit of 3273903?
0
What is the thousands digit of 1206467?
6
What is the hundreds digit of 25809580?
5
What is the units digit of 20958892?
2
What is the hundreds digit of 478724?
7
What is the tens digit of 53079?
7
What is the tens digit of 75317?
1
What is the thousands digit of 26047715?
7
What is the units digit of 1377708?
8
What is the millions digit of 1875330?
1
What is the tens digit of 289755?
5
What is the millions digit of 1873906?
1
What is the units digit of 155140?
0
What is the units digit of 2485070?
0
What is the ten thousands digit of 1775592?
7
What is the hundred thousands digit of 5452114?
4
What is the hundred thousands digit of 5300121?
3
What is the ten thousands digit of 59863?
5
What is the ten thousands digit of 68065?
6
What is the units digit of 2656418?
8
What is the thousands digit of 24675?
4
What is the tens digit of 2062102?
0
What is the thousands digit of 1291241?
1
What is the ten millions digit of 19217678?
1
What is the tens digit of 16754845?
4
What is the ten thousands digit of 445451?
4
What is the hundreds digit of 877293?
2
What is the ten thousands digit of 928093?
2
What is the units digit of 406568?
8
What is the ten thousands digit of 292394?
9
What is the thousands digit of 377959?
7
What is the millions digit of 28229069?
8
What is the units digit of 1807158?
8
What is the tens digit of 776447?
4
What is the units digit of 184542?
2
What is the ten thousands digit of 23113703?
1
What is the thousands digit of 215689?
5
What is the units digit of 91219?
9
What is the thousands digit of 11976944?
6
What is the hundred thousands digit of 7994449?
9
What is the units digit of 618137?
7
What is the thousands digit of 637495?
7
What is the hundreds digit of 605792?
7
What is the units digit of 5479222?
2
What is the millions digit of 1316429?
1
What is the thousands digit of 10134615?
4
What is the units digit of 36264?
4
What is the tens digit of 5723236?
3
What is the ten thousands digit of 37717?
3
What is the hundred thousands digit of 242154?
2
What is the thousands digit of 3028473?
8
What is the millions digit of 26488279?
6
What is the ten thousands digit of 307093?
0
What is the thousands digit of 951498?
1
What is the tens digit of 9108?
0
What is the units digit of 29728334?
4
What is the hundred thousands digit of 5224762?
2
What is the millions digit of 2441684?
2
What is the millions digit of 3823674?
3
What is the ten thousands digit of 15496095?
9
What is the units digit of 90120?
0
What is the units digit of 324065?
5
What is the tens digit of 743750?
5
What is the hundreds digit of 717678?
6
What is the hundreds digit of 945745?
7
What is the hundred thousands digit of 262577?
2
What is the hundreds digit of 170613?
6
What is the thousands digit of 3732145?
2
What is the hundreds digit of 17826515?
5
What is the hundred thousands digit of 1765620?
7
What is the hundreds digit of 15912511?
5
What is the thousands digit of 1213377?
3
What is the millions digit of 11769169?
1
What is the hundreds digit of 128082?
0
What is the thousands digit of 1763856?
3
What is the hundred thousands digit of 338980?
3
What is the units digit of 87114?
4
What is the thousands digit of 1854393?
4
What is the ten thousands digit of 389813?
8
What is the hundreds digit of 13671868?
8
What is the hundred thousands digit of 5301527?
3
What is the hundreds digit of 1162267?
2
What is the units digit of 1572920?
0
What is the units digit of 1716528?
8
What is the hundred thousands digit of 7107214?
1
What is the units digit of 997705?
5
What is the ten millions digit of 18043759?
1
What is the units digit of 869437?
7
What is the hundreds digit of 4586072?
0
What is the thousands digit of 674638?
4
What is the hundreds digit of 291968?
9
What is the thousands digit of 13184?
3
What is the units digit of 5541404?
4
What is the hundreds digit of 656411?
4
What is the tens digit of 4710483?
8
What is the hundred thousands digit of 351801?
3
What is the hundred thousands digit of 156491?
1
What is the hundreds digit of 5003800?
8
What is the units digit of 514849?
9
What is the ten thousands digit of 271772?
7
What is the tens digit of 301352?
5
What is the thousands digit of 130247?
0
What is the thousands digit of 616799?
6
What is the units digit of 427574?
4
What is the hundred thousands digit of 292271?
2
What is the ten thousands digit of 875711?
7
What is the thousands digit of 150746?
0
What is the thousands digit of 2435673?
5
What is the units digit of 15772503?
3
What is the hundred thousands digit of 18068829?
0
What is the thousands digit of 6910993?
0
What is the ten thousands digit of 1397282?
9
What is the hundreds digit of 6590?
5
What is the tens digit of 3126708?
0
What is the thousands digit of 154249?
4
What is the ten thousands digit of 328846?
2
What is the thousands digit of 24936223?
6
What is the ten millions digit of 20319427?
2
What is the units digit of 9270720?
0
What is the millions digit of 5504600?
5
What is the hundreds digit of 389323?
3
What is the tens digit of 139644?
4
What is the ten thousands digit of 1383672?
8
What is the units digit of 1274845?
5
What is the ten thousands digit of 6360566?
6
What is the units digit of 1926143?
3
What is the millions digit of 15983036?
5
What is the ten thousands digit of 3948953?
4
What is the hundred thousands digit of 100752?
1
What is the ten thousands digit of 16739216?
3
What is the units digit of 8697108?
8
What is the thousands digit of 369833?
9
What is the ten thousands digit of 5006979?
0
What is the ten thousands digit of 173453?
7
What is the ten thousands digit of 960275?
6
What is the units digit of 9605630?
0
What is the hundreds digit of 651905?
9
What is the hundreds digit of 18313264?
2
What is the ten thousands digit of 736065?
3
What is the tens digit of 4623795?
9
What is the hundreds digit of 274722?
7
What is the hundred thousands digit of 229290?
2
What is the ten thousands digit of 1936148?
3
What is the thousands digit of 76471?
6
What is 